3 = 5*l - v. List the prime factors of j(l).
487
Suppose -2*m - 29800 = 5*x - 86867, -2*m + 4*x = -57094. What are the prime factors of m?
28541
Let x(n) = 2*n**3 - 10*n**2 + 30*n + 9. Suppose 3*k + 10 - 34 = 3*c, 0 = c + 1. List the prime factors of x(k).
5, 83
Suppose -2*s + 6*s + 8 = 0. Let t be 0/(-2)*1/s. Let d(r) = r**3 + 2*r**2 + 47. List the prime factors of d(t).
47
Let n be (12/(-21) + (-105)/(-98))*156. Let k = n - 20. What are the prime factors of k?
2, 29
Let u be 10*51/(-90)*-6. Suppose 14106 + 14726 = u*l. List the prime factors of l.
2, 53
Let z = -2708 - -5252. Suppose -2*b - z = -4*a, -2540 = -4*a + b + 3*b. List the prime factors of a.
7, 13
Suppose -117*m - 7*m = -1776424. List the prime factors of m.
2, 13, 19, 29
Let h(i) = 2*i + 10*i**2 + 4 + 5*i - 3*i**2 + 0*i**2. Let r be h(-7). Suppose -y + 76 = z, 0 = z + 3*z - 2*y - r. What are the prime factors of z?
3, 5
Suppose -156*i + 153*i = -7740. List the prime factors of i.
2, 3, 5, 43
List the prime factors of 34099 + 3 - (-172 - -173).
3, 421
Suppose 95*q + 1811376 = 167*q. What are the prime factors of q?
2, 3, 7, 599
Suppose -x = -2*c, -49*c - 2 = -50*c. Suppose -x*i + 2340 = 8*i. List the prime factors of i.
3, 5, 13
Let q = -249 - -267. Suppose -i + 261 = q. What are the prime factors of i?
3
Let x(p) = p + 37. Let l be x(-13). Let y be l/(-84) - (-32)/14. Suppose 5*w + 5*t = 245, -y*w = -0*t - t - 101. List the prime factors of w.
2, 5
Suppose 9 = -c + 4*p, -5*p = c - 9 - 9. Let l be ((-6)/(-9))/(c/9). Suppose -3*d - 101 = -l*f, -d = 2*f + f - 124. What are the prime factors of f?
43
Let y = -8525 - -16894. What are the prime factors of y?
8369
Let d = 5760 - 4033. Suppose d = 2*l + 5*c, -8*l - 5*c = -7*l - 866. What are the prime factors of l?
3, 7, 41
Let y = -88 + 169. List the prime factors of -2067*(-9)/y - 1/(-3).
2, 5, 23
Let f = 11185 - 1228. List the prime factors of f.
3, 3319
Let v(x) = x**3 + 10*x**2 - 6*x + 1. Suppose 88 + 248 = -6*k. Let n = k - -48. What are the prime factors of v(n)?
3, 59
Suppose 0 = 2*u - 4*g - 40876, -u + 77*g - 78*g + 20447 = 0. What are the prime factors of u?
2, 19, 269
Suppose y - 5*y = 4*q - 2284, 2*q + 4*y = 1142. Suppose -4*c = -761 - q. What are the prime factors of c?
3, 37
Let r(d) = 19*d. Let o be r(-4). Let a = o - -79. Suppose 2*t + a*t + 2*c = 480, 5*c = 0. List the prime factors of t.
2, 3
Let q(b) = 48*b**2 + 36*b - 403. List the prime factors of q(13).
13, 17, 37
Let m(b) = -3*b**3 - 22*b**2 + 8*b - 12. Let s(u) = -u**2 + u - 1. Let v(z) = m(z) - 3*s(z). List the prime factors of v(-9).
2, 3, 11
Let v be 66/(-30) + (-16)/20 + 288. Suppose 13*p = v + 222. List the prime factors of p.
3, 13
Suppose 183*y + 180576 = 86*y + 129*y. List the prime factors of y.
3, 11, 19
Suppose 11*l - 16*l = 0. Suppose l*d = 4*d + 3*d. Suppose -8*g + 4*a + 942 = -3*g, 5*g + 5*a - 915 = d. What are the prime factors of g?
2, 3, 31
Let o be -3 + -8 - (-1 + 3)*-1. List the prime factors of 272 + 9/(o/(-5)).
277
Suppose -11*a + 214 = -10*a. Suppose -4*h + 147 = 663. Let s = h + a. List the prime factors of s.
5, 17
Let d = -749 - -1258. Let w = d - 224. List the prime factors of w.
3, 5, 19
Suppose -53*h = -54*h + d + 3250, 9771 = 3*h + 4*d. Let u = h - 1672. What are the prime factors of u?
3, 17, 31
Let p(c) = c**2 - 5*c - 19. Let z be p(-3). Suppose -9 = -w - z*b + b, -3*b + 3 = -3*w. What are the prime factors of 3 + w - 290/(-2)?
149
Suppose -7*h + 3*h + 5768 = 0. Let y be h/8 - 18/72. Suppose -5 = -i, -4*l - 2*i + y = l. List the prime factors of l.
2, 17
Suppose 5*h = -5*i, -i - 5*h = 2*i + 6. Suppose d = i*s - 3*d + 5, -3*s + 5*d - 4 = 0. What are the prime factors of 8/12 + (-1)/(s/274)?
2, 23
Suppose 5*b + 3*a = 92, -a = -6*a + 20. Suppose 4*y - 44 = -b. Suppose -y*i + 506 = -2*i + h, -4*i - 4*h + 408 = 0. What are the prime factors of i?
101
Let b = -54 - -57. What are the prime factors of (-59)/((-2 + 0)*-1 - b)?
59
Let d = -219 - -249. List the prime factors of (-1578)/(-9) - d/(-45).
2, 11
Let h = 338 - -196. Suppose 0 = 2*v - h - 136. Let p = v + -198. What are the prime factors of p?
137
Suppose 2*j = -q + 13, 3*j - 15 = -0. Suppose 2*p - 654 + 100 = q*v, 3*p - 4*v - 831 = 0. List the prime factors of p.
277
Let u(j) = -2*j. Let k be u(-1). Suppose 4*a = -4*h + 1760 + 128, 4*a = -k*h + 1890. What are the prime factors of a?
11, 43
Let g(c) be the third derivative of -c**5/60 + c**3/6 - 32*c**2. Let j be g(0). List the prime factors of (96/(-15))/(j*3/(-90)).
2, 3
Let p = -631 - -8075. List the prime factors of p.
2, 1861
Let k = 46 + -140. Let b = -91 - k. Suppose -5*m + h = -331, -b*h - 24 = -m + 45. List the prime factors of m.
2, 3, 11
Let o(i) be the first derivative of 33*i**2/2 + 26*i - 78. What are the prime factors of o(6)?
2, 7
Let w(x) = -265*x**2 + x**3 - 276*x**2 - 10*x - 12 + 552*x**2. What are the prime factors of w(-11)?
2, 7
List the prime factors of 3895 + (-19)/4 + 21/28.
3, 1297
Let j = 37 + -34. Suppose 2*k - 782 = -j*a, 5*k + 487 = 2*a - 28. Suppose 4*m = 5*r + a + 88, 5*m = 4*r + 435. List the prime factors of m.
3, 29
Suppose 0 = -5*j - 4*k + 17393, 2*k = -j + 3*k + 3484. Suppose -8*a + j + 1151 = 0. What are the prime factors of a?
3, 193
Suppose -2*x = 2*z + 4, x = 4*z - 0*z - 17. Suppose 0 = z*m - 712 - 1124. What are the prime factors of m?
2, 3, 17
Let s(c) = 4*c**2 + 8*c + 32. Suppose w - 5*w + k + 29 = 0, 3*k = 3*w - 24. Suppose w*r = 12*r + 20. What are the prime factors of s(r)?
2
Suppose 3*p - 3*n = 19608, -p = -0*p - 5*n - 6552. List the prime factors of p.
2, 23, 71
Suppose 3*i = 54*g - 50*g + 10681, 2*i + 5*g = 7067. What are the prime factors of i?
53, 67
Let v(a) = -294*a + 1941. List the prime factors of v(-6).
3, 5, 13, 19
Let n(u) = 1635*u - 2003. What are the prime factors of n(2)?
7, 181
Suppose -10 - 81 = -5*p - 2*v, 0 = 4*v - 12. Let b(x) = 11*x + 50. What are the prime factors of b(p)?
3, 79
Let v = -31608 - -60715. List the prime factors of v.
13, 2239
Let k = -3135 + 3525. What are the prime factors of k?
2, 3, 5, 13
What are the prime factors of -574*13/(338/(-65))?
5, 7, 41
Let a(z) = 13*z**2 + 6*z - 3. Let x be a(5). List the prime factors of (x/48)/(4/162).
3, 11
Let a(r) = -3*r**3 - 2*r**2 + 13*r + 8. Suppose -2*d = 2*n + 4, 0 = -3*d + 2*n - 2 - 24. List the prime factors of a(d).
2, 11, 23
Let d(z) = -z**3 - 67*z**2 - 99*z - 37. What are the prime factors of d(-67)?
2, 17, 97
Suppose 2*w + 2*w = -2*s - 4, -s = -4*w - 10. Suppose 15 = 5*g - 5*r, -s*r - 8 = g - 2*g. What are the prime factors of (310/(-5) - g)*6/(-5)?
2, 3
Let l be ((-72)/60)/((-43016)/(-21510) - 2). Suppose -2*f + 29*f - l = 0. What are the prime factors of f?
239
Let y(o) = -17*o + 19. Let j be y(1). Suppose 0 = -4*s + 3*d + 4017, -47*s = -46*s - j*d - 1008. List the prime factors of s.
2, 3, 167
Suppose 3*r = r. Suppose -3*p = 2*t - 20 - 40, -p - 134 = -4*t. Suppose r = -n + t + 37. List the prime factors of n.
2, 5, 7
Let x = -112 + 147. Let a = x + 81. What are the prime factors of a?
2, 29
Let u = -216 + 215. What are the prime factors of u/((-98)/194 - (-11)/22)?
2, 97
Let d be (-1 + 1 - 8)*1. Let z be (6/d)/(1/(-120)). Suppose 0 = 6*k - 4*k - z. What are the prime factors of k?
3, 5
What are the prime factors of (-1*(12 + 1))/(7/(-5222))?
2, 13, 373
Let b be -10*(14/(-4) - -2). Let m be (4 + (-51)/b)*15. Let z(s) = 2*s**2 - 2*s - 21. List the prime factors of z(m).
3, 41
Let u = 30083 + -18723. List the prime factors of u.
2, 5, 71
Let x = -72 - -81. List the prime factors of 4277/x + -2*(-5)/(-45).
5, 19
Suppose -3*y + 21 = s, 3*y = s - y. Suppose 0 = 10*r - s*r + 22. What are the prime factors of r?
11
List the prime factors of -75 + 72 + (7454 - 1).
2, 5, 149
Let k = -10137 - -18099. What are the prime factors of k?
2, 3, 1327
Suppose 3*x = -a - 18 + 59, -5*x - 123 = -3*a. Suppose 35*w = a*w - 888. List the prime factors of w.
2, 37
Suppose -k - 3*k + 5*v = -593, -2*k + 4*v = -298. Suppose -3*h - k = -3. What are the prime factors of ((-36)/h)/(2/144)?
2, 3
Let s(b) = -3*b**3 + 66*b**2 - 34*b + 5. List the prime factors of s(20).
3, 5, 23
What are the prime factors of -4 - 50/(-15) - (-7 + (-6310)/15)?
7, 61
Suppose -4*p + 3160 = -3*n, 5*p = -4*n + 3126 + 793. List the prime factors of p.
78